n ((-41)/2)/(3/f) is divided by 21.
19
Let n(i) = -i**3 + 4*i**2 - 3*i + 3. Let p(v) = v**2 + 5*v - 57. Calculate the remainder when p(6) is divided by n(3).
0
Suppose p = u + 3, -4*p + 4*u + 15 = u. Suppose -p = 3*r - 3, 3*r = 5*z - 78. Calculate the remainder when 28 is divided by z.
13
Let k = -5 + 7. Let h(a) = 3*a**2 - a. Calculate the remainder when 27 is divided by h(k).
7
Suppose 17*d = 5*d + 636. Calculate the remainder when d is divided by 14.
11
Suppose a + 80 = 6*a. Suppose 0 = -5*v - 0*v + 620. Suppose -2 = 2*t - v. What is the remainder when t is divided by a?
13
Let p = 0 - -2. Suppose -p*b + b = -10. Let o = -5 + 9. What is the remainder when b is divided by o?
2
Suppose -r + 5*o = -2, -o + 0*o = -r + 2. Suppose r*v - v - 34 = -2*g, 3*v + 3*g - 96 = 0. Suppose n + v = 6*n. Calculate the remainder when n is divided by 4.
2
Suppose -3*p - 3*k + 276 = 0, -5*p + 452 = k - 0*k. Let y(r) = -r**2 - 15*r + 9. Calculate the remainder when p is divided by y(-14).
21
Suppose 33 = 2*i - 3*x, 0 = -i + 3*x + 12. Let u be -1 - 4*i/(-6). Suppose -4*o = -7 - u. What is the remainder when o is divided by 2?
1
Let y = -5 - -6. Calculate the remainder when (-3 + 2)/(2/(-6)) is divided by y.
0
Suppose 0 = g - 5 + 6, 5*g = 5*w - 35. What is the remainder when w is divided by 6/15 - 54/(-15)?
2
Let a be 4/(-6) - (-508)/6. Let x be (0/(-4))/(-2) + 28. Let f = a - x. Calculate the remainder when f is divided by 19.
18
Let p(n) = -n**2 - 13*n - 6. What is the remainder when 63 is divided by p(-11)?
15
Let o(w) = w**3 + 3*w**2 - 5*w - 2. Suppose 2*f - 7 + 1 = 0. Calculate the remainder when f is divided by o(-4).
1
Let d(a) = 2*a + 2. What is the remainder when 70 is divided by d(3)?
6
Let w(y) = 3*y - 5*y**3 - 5*y - 1 - 2*y + 2*y. Calculate the remainder when 23 is divided by w(-1).
5
Let x(r) = r**2 - r + 33. Calculate the remainder when x(0) is divided by 7.
5
Suppose -40*i + 616 = -12*i. What is the remainder when 64 is divided by i?
20
Suppose 5*g - 5 = -5*d, d = -4*g + 4*d + 18. Suppose -z = k + 4*z + 21, g*k + z = 7. What is the remainder when 32/3 + (-2)/(-6) is divided by k?
3
Let q be 0/(-1)*(-4)/(-4). Suppose 4*w - 4*s - 28 = q, -15 = -5*w - s - 4. Suppose -w*r - r = -52. What is the remainder when 38 is divided by r?
12
Suppose -o = 7 - 2, -4*t + 123 = o. Suppose 3*a - t = -5*w + 2, 4*w = -3*a + 26. What is the remainder when w is divided by 1 - 1/(4/(-16))?
3
Let n(g) = -39*g**3 - g**2 + 2*g + 2. Suppose -2*y + 5*d + 13 + 12 = 0, 3*d + 71 = 4*y. Calculate the remainder when n(-1) is divided by y.
18
Let g(k) = 23*k**2 + 38*k - 4. Let i(y) = -8*y**2 - 13*y + 1. Let j(a) = 6*g(a) + 17*i(a). Calculate the remainder when j(-6) is divided by 13.
10
Let x(f) = f**2 + 6*f + 3. Let v be x(-2). Suppose -53 = -2*l - 19. What is the remainder when (v - -152)*(-1)/(-3) is divided by l?
15
What is the remainder when 65 is divided by (2 + (-2 - 3))*-6?
11
Let i = 29 + 0. Calculate the remainder when i is divided by -2 + 9 + (3 - 0).
9
Let h(b) = -b**3 - 5*b**2 + 6*b + 3. Let x be h(-6). Suppose -4*j = -3*u + u - 22, x*u = 15. Calculate the remainder when 12 is divided by j.
4
Suppose 4*s - 190 = -7*l + 4*l, -2*s + l = -90. Suppose 74 + 23 = 5*q + o, 2*q - 2*o - s = 0. Calculate the remainder when 79 is divided by q.
19
Let b(y) be the second derivative of -y**3/2 + y**2/2 + y. Let z = -10 + 9. What is the remainder when 6 is divided by b(z)?
2
Let m(l) = l**2 + l + 7. Suppose 0*q = -q + 24. Calculate the remainder when q is divided by m(-3).
11
Suppose 2*l + 2*l - 4 = 0. Let q be l - (1 + (-28)/2). Suppose b + 2*z = q, -38 = -3*b - 4*z + 2. What is the remainder when 34 is divided by b?
10
What is the remainder when 57 is divided by (80/24)/((-2)/(-12))?
17
Suppose 5*w - w - 52 = 0. What is the remainder when 24 is divided by w?
11
Let h be 1 - (0 + -1 + -3). Calculate the remainder when (-1*h)/((-2)/10) is divided by 13.
12
Let b be 3/(-2 + -1) - -6. Suppose 2*d - 9 = 2*f - f, -b*d - 5*f - 15 = 0. Calculate the remainder when 20 is divided by ((-44)/6)/(d/(-3)).
9
Let r be 18/(-24)*8/(-3). Let t be 1/(-3) + 41/(-3). Let m = r - t. Calculate the remainder when m is divided by 6.
4
Suppose 16 = -2*z + 70. Let i = z - 13. Suppose -2 = -2*x + 50. Calculate the remainder when x is divided by i.
12
Let o(v) = v**3 + 11*v**2 - 16*v - 15. What is the remainder when 61 is divided by o(-12)?
28
Let t(m) = m**2 - m - 8. What is the remainder when t(-5) is divided by 3?
1
Let b = 28 - 25. Calculate the remainder when b is divided by 1.
0
Let p(n) = -n**3 + 5*n**2 - 2*n - 4. Let t be p(4). Suppose -y - 31 = -s - t*y, -4*s = -5*y - 124. Calculate the remainder when s is divided by 16.
15
Suppose 5 = j - 3*j + 3*v, 5*j - 4*v - 5 = 0. Suppose -106 = -j*o + 39. What is the remainder when o is divided by 10?
9
Let d = -36 - -54. What is the remainder when 69 is divided by d?
15
Let a(d) be the third derivative of -11*d**6/60 - d**4/24 - d**3/6 - d**2. Calculate the remainder when a(-1) is divided by 8.
6
Suppose -4*r + 168 = 3*z, 3*r + 2*r = 4*z + 179. Calculate the remainder when r is divided by 10.
9
Let l be (-14)/(-4) + 5/10. Let m = l - -8. Calculate the remainder when 23 is divided by m.
11
Suppose -5 = -d - 2. Suppose d*z - 9 = -0*z. Suppose m = z*x - 130, -216 = -0*x - 5*x + m. Calculate the remainder when x is divided by 15.
13
Calculate the remainder when ((-8)/12)/(3/((-558)/4)) is divided by 9.
4
Suppose 0 = d - 2*d + 7. Calculate the remainder when ((-6)/4)/((-4)/32) is divided by d.
5
What is the remainder when (2/4)/((-1)/(-136)) is divided by 14?
12
Let p(s) = s**2 + 2*s + 3. Let w be p(-2). Calculate the remainder when 7 is divided by ((-4)/w)/((-4)/12).
3
Suppose 0 = 5*d + 2*k - 41, -3*d = d + 5*k - 43. Calculate the remainder when (-3)/((-2)/(-2)) - -15 is divided by d.
5
Let k = 32 - 27. Calculate the remainder when 22 is divided by k.
2
Let q = 107 - 92. What is the remainder when 10*1*4 - -2 is divided by q?
12
Let s = 208 + -124. What is the remainder when s is divided by 24?
12
Suppose -5*n + 199 = -776. What is the remainder when n is divided by 33?
30
Suppose 0 = 3*p - 0*w + w + 16, -2*w - 20 = 4*p. Calculate the remainder when -2 + (-3)/p*110 is divided by 14.
11
Suppose 100 = 4*p - 3*r, -2*p + 2*r + 55 = 5. What is the remainder when p is divided by 9?
7
Let i be (-6)/(3 - 2)*1. What is the remainder when 27 - (0 + 0 + -2) is divided by i/4*(-224)/21?
13
Let s = -80 + 94. Calculate the remainder when 27 is divided by s.
13
Let r be -2*(-2)/(3/3). Suppose -l + 3*l - r*c = 42, 3*c - 54 = -3*l. What is the remainder when l is divided by 10?
9
Let d(f) = 5*f. Let r be d(1). Suppose -t = -6 - r. Calculate the remainder when t is divided by 4.
3
Suppose 5*o - 104 = 2*h, -3*o - 5*h + 2*h = -75. Let b(f) = -12*f - 5. Calculate the remainder when b(-4) is divided by o.
21
Let n(s) = -11*s**3 - s**2 - 2*s - 1. Let i be 2/(-3) + (-5)/(-3). Let z be -2 + (-1)/(-2 + i). Calculate the remainder when n(z) is divided by 6.
5
Suppose -3*z + v = -86 - 16, -z + 3*v + 26 = 0. Suppose 3*q = 2*q + 9. Calculate the remainder when z is divided by q.
8
Let r be 3/(3/(-5 + 2)). Let d(b) = 3*b**2 + b - 2. Let x be d(-2). Let u = x - r. Calculate the remainder when 31 is divided by u.
9
Let i(n) be the second derivative of -n**5/20 + 3*n**4/4 + 5*n**3/3 + 11*n**2/2 - 2*n. What is the remainder when 41 is divided by i(10)?
8
Let p = 47 + 28. Calculate the remainder when p is divided by 19.
18
Let h(p) = -8*p. Let u be h(-6). Let o be -4 + 1 + (7 - -28). Suppose -o - u = -5*c. What is the remainder when c is divided by 9?
7
What is the remainder when 4 + (-140)/6*(-108)/30 is divided by 13?
10
Let w = 27 - 25. Suppose -85 = -w*l + 17. What is the remainder when l is divided by 18?
15
Suppose 0 = 2*b - 176 - 20. Suppose b = 5*w + 3. Calculate the remainder when w is divided by 6/(-15)*(-23 + -2).
9
Let u(x) = 9*x - 37. What is the remainder when 31 is divided by u(5)?
7
Let l(y) = 8*y - 11. Let n(p) = 12*p - 16. Let k be (5/2)/((-7)/14). Let f(i) = k*n(i) + 7*l(i). Calculate the remainder when f(-5) is divided by 8.
7
Suppose 2*y - 4*r - 26 = r, -29 = -3*y + 5*r. Let p(d) = -5*d**3 + y*d**3 + 4*d + d**3. What is the remainder when 29 is divided by p(-3)?
14
Let t(v) = -